t h be y(-1). Suppose 3*i - 32 = 5*d, -h*d - 5 = i + 11. Let q = 6 - i. List the prime factors of q.
2
Suppose 0*j = -4*j + 24. Let p(g) = 2 + j - 2*g + 3*g. List the prime factors of p(-6).
2
Let j be (0 + 1)/(1/6). Let a = j + -6. Suppose a = -3*c + 11 - 2. List the prime factors of c.
3
Let a be 10*(1/(-2) - -1). Suppose -i - 3*i + 90 = -y, 3*i - 76 = a*y. Let q = i - 11. List the prime factors of q.
11
Suppose c + 10 = -0. Let q = 28 + c. List the prime factors of q.
2, 3
Let n(f) = -f + 8. Let d be n(7). Let w be -1*d/(-3)*-3. What are the prime factors of (2 + w)/((-4)/(-52))?
13
Let m(f) = -3*f**2 - f. Let v be m(-1). Let o(d) = 2*d**2 + 3*d + 3. Let k be o(v). Suppose 0*b - 4*z + 46 = 3*b, 5*z - k = 0. What are the prime factors of b?
2, 7
Let h(p) = -2*p + 4*p - 6 - 5*p. Let j(t) = 4*t + 6. Let u(k) = 6*h(k) + 5*j(k). List the prime factors of u(4).
2
Suppose -2*a - 4*u = 6, a - 5*u - 32 = -0*a. Let d(s) = -s**2 + 1 - 3*s + 8*s + 3*s. What are the prime factors of d(a)?
2
Let w(n) = -n**3 + 11*n**2 - 20*n - 4. List the prime factors of w(6).
2, 7
Let k(x) be the third derivative of 11*x**5/60 + x**4/24 + x**2. Let o(n) = -n**2 - 3*n - 1. Let d be o(-2). What are the prime factors of k(d)?
2, 3
Let d = 7 - 0. Suppose d*s - 2*s - 140 = 0. What are the prime factors of s?
2, 7
Suppose 2*g + 1 = 3*g. Let n(d) = 3*d. Let x be n(g). Suppose 5*w - 4*c = 2*w + 26, c = x*w - 11. What are the prime factors of w?
2
Suppose 3*u + 19 = 4. Let g be -2 - u*(-1)/(-1). What are the prime factors of 3/9 - (-8)/g?
3
Let o = -54 - -83. Let u be (2 + -3)/(3/63). Let m = u + o. What are the prime factors of m?
2
Suppose 5*y - 20 = 0, -4*f + 2*y = -9*f + 18. Suppose l + 7 = 3*l - u, 0 = l - 2*u - f. List the prime factors of l.
2
Suppose x = 3 + 1. Suppose 4*b - x*r = 40, r = -4*b + 8 + 22. List the prime factors of b.
2
Suppose -10 = -2*y + 56. List the prime factors of y.
3, 11
Let h = -115 + 271. What are the prime factors of h?
2, 3, 13
Suppose 0 = -23*d + 26*d - 123. List the prime factors of d.
41
Suppose -127 = -3*o + 2*b, 5*o - 217 = b + b. List the prime factors of o.
3, 5
Let c = -1 + 7. What are the prime factors of c?
2, 3
List the prime factors of (-4 + (-33)/(-9))*-129.
43
Let a = -14 - -9. Let t = -6 - -10. What are the prime factors of (t/(-5))/(2/a)?
2
Let k = 9 + 0. What are the prime factors of k?
3
Suppose 128*d - 129*d + 205 = 0. What are the prime factors of d?
5, 41
Suppose 0 = -7*y + 14*y - 1274. List the prime factors of y.
2, 7, 13
Let k be (12/5)/((-6)/(-15)). Suppose a = 5*i + 33, k*a - 3*a = 4*i + 132. List the prime factors of a.
2, 3
Suppose 0*w = 4*m - w, 0 = m + 3*w. Suppose m = -r - 4*r + 55. List the prime factors of r.
11
Suppose -1055 = -43*o + 38*o. List the prime factors of o.
211
Let w(q) = -q**2 - 6*q + 15. Let n(z) = -7*z**2 + z - 1. Let j be n(1). What are the prime factors of w(j)?
2
Suppose 170 = 5*j - 3*p, 0*j = -3*j + 5*p + 86. List the prime factors of j.
37
Suppose 15*r + 2044 = 22*r. List the prime factors of r.
2, 73
Let s(i) = i + 3. Let f be s(-3). Suppose 63 = u + 4*m, -4*u + m + 278 - 9 = f. Suppose -4*g + 5*p = -g - 48, -4*p = -5*g + u. List the prime factors of g.
11
Let y = 7 - -5. Let z(p) = -p**3 + 13*p**2 - 11*p + 15. List the prime factors of z(y).
3
List the prime factors of 17/2 - (-27)/(-18).
7
Let z(a) = 8*a + 9. What are the prime factors of z(5)?
7
Let r be (-339)/(-5) + 3/15. Suppose 13 - r = -5*u. What are the prime factors of u?
11
Let z(t) be the first derivative of -t**2/2 + 7*t - 1. What are the prime factors of z(0)?
7
Let m = 22 - 36. Let f = 34 + m. List the prime factors of f.
2, 5
Let t(h) = h**3 - 4*h**2 + 6*h + 9. List the prime factors of t(6).
3, 13
Let y be -6*(3/(-6) + 2). Let f = 15 + y. Let o(w) = w**3 - 6*w**2 + 2*w - 2. List the prime factors of o(f).
2, 5
Let c = -7 + 11. Let s be (-2)/(1/(3/(-6))). List the prime factors of 0 + c + -3 + s.
2
Suppose -30 = -4*p - p. What are the prime factors of p?
2, 3
Let k = -1 - -3. Let n = k + 2. List the prime factors of n.
2
Let x(j) = -5*j. Suppose -5*q - 55 = -0*n + 5*n, -5 = 5*q - 5*n. List the prime factors of x(q).
2, 3, 5
Suppose -5*u + 5*m + 152 + 118 = 0, 4*u - 206 = 2*m. List the prime factors of u.
7
Let q(g) = 5*g - 1. Let m be q(1). Let a(k) = -4*k**2 + 19*k + 8. Let b(l) = l**2 - 5*l - 2. Let o(f) = -6*a(f) - 22*b(f). What are the prime factors of o(m)?
2, 3
Let j(u) = -u**3 + 4*u**2 + u. Let s be j(-3). Suppose 2*f + 3*f = s. What are the prime factors of f?
2, 3
Let w(h) = -2*h + 12. List the prime factors of w(-11).
2, 17
Let i(n) = 2*n. Let x be i(1). Suppose -x*q = -11 + 7. List the prime factors of q.
2
Suppose -2*r - q = -158, 4*r - 88 = 5*q + 200. List the prime factors of r.
7, 11
Suppose 3 = -5*x + 13. Let c = x + 9. Suppose 5*l = 6*l - c. What are the prime factors of l?
11
Suppose 0 = x + x - 6. Suppose -c - 12 = -x*c. What are the prime factors of c?
2, 3
Let d(o) be the second derivative of o**5/20 + o**4/2 + 7*o**3/6 + 2*o**2 - 6*o. List the prime factors of d(-4).
2
Suppose -n = -5*n + 20. Suppose 0*q - n*q = 0. Suppose -3*g + q = -33. List the prime factors of g.
11
Suppose -100 = -u + 3*i - 2*i, 0 = 5*u + 4*i - 464. What are the prime factors of u?
2, 3
Suppose 21 = i - 2*w, 11*i = 7*i + w + 70. What are the prime factors of i?
17
Suppose 3*f + 9 = 4*j - 21, 3*j = -2*f + 31. List the prime factors of j.
3
Let j(h) be the third derivative of -h**6/120 + h**5/60 - h**4/24 + 11*h**3/6 + 2*h**2. Let u be j(0). Let k = 17 - u. List the prime factors of k.
2, 3
Let j = -50 + 107. What are the prime factors of j?
3, 19
Suppose -3*q = q + 4, -3*v + 5*q + 38 = 0. Let i = -8 + v. Suppose 24 = -i*y + 75. List the prime factors of y.
17
Let q(g) = 2*g**3 + 11*g**2 - 17*g + 5. Let w(f) = f**3 + 6*f**2 - 9*f + 3. Let o(v) = -3*q(v) + 5*w(v). List the prime factors of o(-5).
2, 5
Let a be (-64)/(-4)*(-3)/(-3). Suppose -4 = -2*z + a. What are the prime factors of z?
2, 5
Suppose 0 = -3*y - 1 + 10. What are the prime factors of (y/(-2))/((-12)/136)?
17
Let c = -1 - -3. Suppose -i - 15 = c*i. Let t = i - -11. What are the prime factors of t?
2, 3
Let b(t) = t**3 + 21*t**2 - t + 18. List the prime factors of b(-21).
3, 13
Let t(g) = -g + 9. Let y be t(0). Let c = y + 4. What are the prime factors of c?
13
Suppose -214 - 101 = -5*l. List the prime factors of l.
3, 7
Let d(n) = 20*n - 3. What are the prime factors of d(3)?
3, 19
Let q be 5/10 + 70/4. Let w = -11 + q. What are the prime factors of w?
7
Let g = 148 - 69. What are the prime factors of g?
79
Let s be (1/2)/((-2)/(-128)). Let z = s - 21. List the prime factors of z.
11
Suppose -5*k + 2*k = -51. List the prime factors of k.
17
Let x(h) be the second derivative of h**5/20 + h**4/12 - h**3/6 - h**2/2 - 2*h. Let z be x(-1). Suppose -g + 9 = -z*g. What are the prime factors of g?
3
Suppose -61 = 5*f + 94. Let s = f - -45. List the prime factors of s.
2, 7
Let k = -4 - -5. Let c(t) = 14*t**2 + 2*t - 1. Let x be c(k). What are the prime factors of ((-8)/(-5))/(2/x)?
2, 3
Let k(v) = -44*v - 72. What are the prime factors of k(-7)?
2, 59
Let s(x) = 9 + 2 - x + 0. Suppose 14 = 5*w - 26. What are the prime factors of s(w)?
3
Let m(b) = b**3 - 8*b**2 - 6*b - 13. Let c be (1 - 21/(-6))*2. What are the prime factors of m(c)?
2, 7
What are the prime factors of (2 - 18)*6/(-4)?
2, 3
Suppose 5*w - 3*n = 0, w - 2*n = 8 - 1. Let a = 0 - w. Suppose 0 = 4*c - a*c - 8. List the prime factors of c.
2
Suppose -4*c = -8*c - 3*k - 21, -5*k + 34 = -c. Let h = c + 7. Let t = 17 - h. What are the prime factors of t?
19
Suppose 5*w = 0, -2*c - 2*w - 3*w + 230 = 0. List the prime factors of c.
5, 23
Suppose 9*n - 1925 = -476. List the prime factors of n.
7, 23
Let n = -40 + 183. What are the prime factors of n?
11, 13
Suppose -4*f + 25 + 23 = 0. Suppose 6*w - f = 2*w. Suppose 2*h - w*h = -5. What are the prime factors of h?
5
Suppose 2*t - 1 + 21 = 0. Let v = t + 23. What are the prime factors of v?
13
Suppose 5*p + 2*o = 129 + 244, -p - 5*o + 93 = 0. Suppose p = 2*g + 11. List the prime factors of g.
31
Suppose 2*i + 13 = i + 5*o, -5*i = -3*o - 45. Suppose 0*s + s = i. What are the prime factors of (-8)/s*-2*3?
2
Let h = -180 - -95. Let f = 133 + h. List the prime factors of f.
2, 